{"id":611,"date":"2015-02-06T01:13:56","date_gmt":"2015-02-05T22:13:56","guid":{"rendered":"http:\/\/aynakol.org\/?page_id=611"},"modified":"2015-02-06T01:13:56","modified_gmt":"2015-02-05T22:13:56","slug":"aynakol-instagramda","status":"publish","type":"page","link":"https:\/\/aynakol.org\/?page_id=611","title":{"rendered":"Aynakol instagram&#8217;da!"},"content":{"rendered":"<p>[instagram-feed id=&#8221;1491171968&#8243;]<\/p>\n","protected":false},"excerpt":{"rendered":"<p>[instagram-feed id=&#8221;1491171968&#8243;]<\/p>\n","protected":false},"author":1,"featured_media":0,"parent":0,"menu_order":0,"comment_status":"open","ping_status":"open","template":"","meta":{"footnotes":""},"class_list":["post-611","page","type-page","status-publish","hentry"],"jetpack_sharing_enabled":true,"jetpack_shortlink":"https:\/\/wp.me\/P51p4O-9R","jetpack_likes_enabled":true,"jetpack-related-posts":[{"id":7061,"url":"https:\/\/aynakol.org\/?page_id=7061","url_meta":{"origin":611,"position":0},"title":"Plaklar\u0131m","author":"Ayd\u0131n Bez","date":"12 Temmuz 2022","format":false,"excerpt":"","rel":"","context":"Benzer yaz\u0131","block_context":{"text":"Benzer yaz\u0131","link":""},"img":{"alt_text":"","src":"","width":0,"height":0},"classes":[]}],"_links":{"self":[{"href":"https:\/\/aynakol.org\/index.php?rest_route=\/wp\/v2\/pages\/611","targetHints":{"allow":["GET"]}}],"collection":[{"href":"https:\/\/aynakol.org\/index.php?rest_route=\/wp\/v2\/pages"}],"about":[{"href":"https:\/\/aynakol.org\/index.php?rest_route=\/wp\/v2\/types\/page"}],"author":[{"embeddable":true,"href":"https:\/\/aynakol.org\/index.php?rest_route=\/wp\/v2\/users\/1"}],"replies":[{"embeddable":true,"href":"https:\/\/aynakol.org\/index.php?rest_route=%2Fwp%2Fv2%2Fcomments&post=611"}],"version-history":[{"count":4,"href":"https:\/\/aynakol.org\/index.php?rest_route=\/wp\/v2\/pages\/611\/revisions"}],"predecessor-version":[{"id":615,"href":"https:\/\/aynakol.org\/index.php?rest_route=\/wp\/v2\/pages\/611\/revisions\/615"}],"wp:attachment":[{"href":"https:\/\/aynakol.org\/index.php?rest_route=%2Fwp%2Fv2%2Fmedia&parent=611"}],"curies":[{"name":"wp","href":"https:\/\/api.w.org\/{rel}","templated":true}]}}